6. Suppose -4*u - m = -10*u. Suppose 266 = u*r + 50. What is the tens digit of r?
5
Let k(q) = 3065*q**2 + 116*q + 115. What is the thousands digit of k(-1)?
3
Let k(d) = 2*d**2 - d + 2. Let l be k(-2). Let h = 16 - l. Suppose u = h*u - v - 66, 4*u - 72 = -4*v. What is the tens digit of u?
2
Suppose 3*c = -0*c - 27. Let l = c + 28. Suppose -3*o + l = g, 2 = g + 4*o - 17. What is the units digit of g?
9
What is the hundreds digit of 2/7 + (-35)/((-1715)/102298)?
0
Let m = 3960 + -2724. What is the hundreds digit of m?
2
Let h = 13 - 6. Suppose -r - 9 - h = 0. Let j = 24 - r. What is the units digit of j?
0
Suppose 0 = 4*w - 7*w + 12. Let t be (0/1)/(w - 6). Suppose -k + 5*f + 1 = 2*k, t = -f + 4. What is the units digit of k?
7
Suppose -17 - 1636 = -29*o. What is the tens digit of o?
5
Suppose -d + 16 = 5*n, -d - 3*d - 4*n + 48 = 0. Suppose 6*j - d*j + 115 = 0. What is the units digit of j?
3
Let d = 147 + 618. What is the hundreds digit of d?
7
Suppose -2*w = 4*a - 22, -3 = 2*w - 3*a - 4. Let u(t) = 13*t - 28. What is the units digit of u(w)?
7
Let n = -358 + 530. What is the units digit of n?
2
Suppose 4*t + 3*g + 77 - 1123 = 0, 0 = -3*t + 5*g + 770. What is the hundreds digit of t?
2
Suppose 0 = -133*k + 126*k + 2527. What is the tens digit of k?
6
What is the thousands digit of (-1 - (-1129)/2)*(-398)/(-199)?
1
Let y(p) = 62*p**2 - 159*p - 12. What is the hundreds digit of y(5)?
7
Let g be (1 + -82 - -2) + (9 - 6). Let o = 137 + g. What is the units digit of o?
1
Let b be (15/(-30))/((-2)/(-696)). Let w = -68 - b. What is the units digit of w?
6
Let h(g) = 2*g + 12. Let s be h(-4). Suppose -6*u = -s*u - 8. Suppose u*r - x - 117 = 0, 4*x = -r - 0*r + 25. What is the units digit of r?
9
Suppose -5*m - 23 - 8 = -2*q, -q + 20 = -4*m. Suppose 4 = -3*k - q, 4*k + 396 = 2*r. What is the units digit of r?
0
Suppose 0 = -4*w + 877 + 51. What is the units digit of w?
2
Suppose 8 - 2 = -3*i + 2*l, 3*l = 0. What is the units digit of i - -65 - (-12 - -10)?
5
Let g = 1178 + -460. What is the hundreds digit of g?
7
Let h be (1 - 1)/(3 - 4). Suppose h*d = d. What is the units digit of d + -2 + (-8)/(-1)?
6
Let t be ((-35)/(-20))/(2/(-56)). Let p = 36 - t. What is the units digit of p?
5
Let t be (-1 + 1 + 1)*3. Suppose -5*m - 12 = t. What is the units digit of m + 1/((-1)/(-10))?
7
Suppose -1 = n + 2*r + 4, 2*n + 10 = 5*r. Let w be ((-4)/n)/(2/5). Suppose b = 4*l + 16, -w*b - 11 = -3*b - l. What is the units digit of b?
2
Suppose 0 = 5*w, 0 = -5*z - 0*z - 5*w. Suppose -2*l = v - z*v - 92, -2*v = 3*l - 179. What is the tens digit of v?
8
Let f(t) = 7*t - 6. Let q(m) = -13*m + 11. Let y(g) = 11*f(g) + 6*q(g). Let w be y(0). Suppose w = -12*k + 9*k + 213. What is the tens digit of k?
7
Suppose -4*r = -5*t + 866, -3*t + t + 4*r = -344. What is the tens digit of t?
7
Suppose 2*j - 5*v - 7 = 0, 3*j - 1 - 29 = v. Let w = j + -8. What is the tens digit of 4 + 114/9*w?
4
Suppose 3*r - 7 + 10 = 0. Let d = 100 - r. What is the tens digit of d?
0
Suppose -3*v - 50 = -8. Let g = -10 - v. Suppose -g*o - 8 = -5*o. What is the units digit of o?
8
Suppose 57*a = 62*a - 11535. What is the units digit of a?
7
Let w(v) = -v + 42. Let m be w(19). Let h = 41 + m. What is the units digit of h?
4
Let l(j) = j**3 + j**3 + 3*j - 2*j**2 + j**3 - j**3. Let b be l(3). What is the units digit of 97/5 + (-18)/b?
9
Suppose 24 = 7*i - i. Suppose -i*r = -4*a + 252, 0 = -3*a + r - 3*r + 174. What is the tens digit of a?
6
Let z be (-3 + 1 - -5)/(21/28). Suppose -5*q + 10 = -0, 0 = 2*c - z*q - 146. What is the tens digit of c?
7
Let r = 20 + -18. Suppose -r*p + 46 = -2. What is the tens digit of p?
2
Let v = 6 - 6. Suppose 3*k + 4 - 10 = v. Suppose -o - o + k*r = -24, -3*o - r + 40 = 0. What is the units digit of o?
3
Let j(r) = -51*r. Let i be j(-6). Suppose 0 = 4*m - 3*k - 610, -2*m + 0*m + 2*k + i = 0. What is the hundreds digit of m?
1
Let y be 5 - (0/2)/(-1). Let f(g) = 7*g**2 - 14*g + 3. What is the units digit of f(y)?
8
Let d(r) = -3*r**3 - 4*r**2 - 4*r - 23. What is the units digit of d(-5)?
2
Let b(x) = 6*x**3 - 3*x - 3. Let g(p) = -24*p**3 + p**2 + 13*p + 13. Let c(l) = 9*b(l) + 2*g(l). What is the units digit of c(1)?
6
Let j(p) = -p**2 + 8*p + 11. Let u be j(9). What is the tens digit of -1*((-280)/u)/4?
3
What is the tens digit of (-7880)/(-12) + 3 + (-16)/(-12)?
6
Let p(x) = -521*x + 47. What is the hundreds digit of p(-3)?
6
Let q(m) = -m**2 + 35*m - 18. Let k be q(14). Let h = -178 + k. What is the units digit of h?
8
Suppose -c - 7 - 18 = -5*l, 3*c + 31 = 4*l. Let x be 456/(-30) + (-1)/c. What is the units digit of (-156)/(-10) - 6/x?
6
Let u(b) = 118*b + 66. What is the tens digit of u(5)?
5
Let a = 6 - 3. Let o(l) = -5*l - a - l**2 - 8*l + 2*l. What is the units digit of o(-8)?
1
Let w(d) = -d**3 - 6*d**2 + 10*d - 17. Let g be w(-9). Let b = g + 146. What is the tens digit of b?
8
Let l = -306 - -153. Let p = l - -255. What is the tens digit of p?
0
Suppose 0 = 2*l - 114 - 694. Suppose 0*p = -5*d - 2*p + 477, -4*d = -4*p - l. What is the units digit of d?
7
Suppose 4*p = 2*p + 10. Let a = -429 + 799. Suppose p*v = -0*v + a. What is the units digit of v?
4
Let p(o) = 3*o**2 - 15. Let v be p(4). Suppose -2*i - 143 - v = -2*x, -4*x = 5*i - 325. What is the tens digit of x?
8
Let n = 34 + -28. Suppose b = n*b. Suppose -s + b*s + 39 = 2*q, 0 = -4*q + 3*s + 93. What is the units digit of q?
1
Let g be (3/2)/(36/(-8) + 5). Suppose 3*o = -3*h - h + 262, h + 257 = g*o. What is the units digit of o?
6
Let o = 29 + -20. Suppose 0 = -2*t + 5 + o. What is the tens digit of -35*t/(70/(-4))?
1
Let d(s) = -s**3 + 9*s**2 + 2*s - 1. Suppose 45*b - 38*b = 35. What is the units digit of d(b)?
9
Let d be 4/(-12)*(-14 - 1). Let j(m) = -m**2 + 8*m + 1. Let k be j(d). What is the units digit of (-3)/(-4) + 244/k?
6
Suppose 0 = -5*n - 3*n + 40. Suppose -2*z + 3*m + 36 = 0, 0 = 4*z - n*z - 5*m + 5. What is the units digit of z?
5
Suppose 2*f + 14 = -3*q, 0 = 2*f + 2*q + 3*q + 22. Let l be 1 + -6*f/(-2). What is the units digit of 2 - (-2 + -35 + l)?
1
Suppose 4 = -j + 6. Let t = j + -17. Let a(n) = -n + 17. What is the units digit of a(t)?
2
Let d = -2 - -17. Suppose u - 23 = d. Let a = 6 + u. What is the tens digit of a?
4
Let l(o) = -o**2 + 3*o - 2. Let s be l(0). What is the tens digit of (-1)/(14/(-679))*s/(-1)?
9
Let q(c) = -14*c + 10. Let y be q(3). Let v = y + 84. What is the units digit of v?
2
Let d(f) = -398*f + 208. What is the tens digit of d(-5)?
9
Let g(m) = m**2 - 8*m + 8. Let t be (-10)/(-55) - 75/(-11). Let i be g(t). Let v(y) = 10*y + 1. What is the tens digit of v(i)?
1
Let y(u) = -12*u**2 + 2*u + 2. Let t be y(-1). Let v be (3/(-6))/(2/t). What is the tens digit of 52 - v*4/12?
5
Let h(y) = -y**3 - 3*y**2 - 4*y - 1. Let o = -24 - -21. Let q be h(o). Suppose -4*c = -9*c - z + q, -z = -1. What is the units digit of c?
2
Suppose -6*c - 3701 = -34283. What is the units digit of c?
7
Let f be (-4384)/(-12) + 5*4/30. Suppose 3*y - f = 297. What is the hundreds digit of y?
2
Suppose 8787 + 3063 = 15*u. What is the units digit of u?
0
Suppose -4*z + 41 = 29. Suppose -w + j + 0*j = -30, 0 = w + z*j - 38. What is the units digit of w?
2
Let u be -2*((-76)/8 + 3). Let t = -10 + u. Suppose -4*h = t*n - 69, -3*h + n - 38 = -106. What is the units digit of h?
1
Let m = -15 - -17. Suppose b - 4*v - 2 = -0, m*b + v + 23 = 0. Let w(j) = -3*j - 9. What is the units digit of w(b)?
1
Suppose -7*g - 17440 = -17*g. What is the tens digit of g?
4
Let s(m) = -m**2 - 5*m + 6. Let t be s(-6). What is the units digit of 0 - t/(-2) - -9?
9
Suppose 4*q = 2*p + 11709 - 3043, -4*p - 10831 = -5*q. What is the units digit of q?
7
Suppose -19*l + 14*l = -580. What is the tens digit of 5/(20/l) - -2?
3
Let c = -245 - -249. What is the units digit of c?
4
Let r = -18 - 44. Let h = 132 + r. What is the tens digit of h?
7
What is the hundreds digit of (-10)/35 - (-29436)/77?
3
Suppose -12*n - 113 - 271 = 0. Let h = n + 141. What is the tens digit of h?
0
Let i(p) = 99*p**2 + 2*p. What is the tens digit of i(5)?
8
Suppose 4*r = 6*r + 5*h - 3972, 4*r + 4*h - 7920 = 0. What is the tens digit of r?
7
Let j = 718 - 471. What is the tens digit of j?
4
Suppose 5*h - 12 = 3*h. Let s(p) = 3*p - 7. Let k(d) = 7*d - 13.